- 6 + 22 = 0, 0 = 4*b + 3*d + 22. Let m = b - -4. Suppose m*u + 2455 = 5*u. Is u a prime number?
True
Let j(l) = 333*l**2 - 10*l - 347. Is j(-16) a prime number?
True
Let o be 11/4 - (-1)/4. Let x(u) = 31*u + 10. Let f be x(o). Suppose 2*t - 45 = f. Is t prime?
False
Suppose -w = 3*n - 14850, 14835 = w - n - n. Is 7/((-126)/w)*2*-1 a composite number?
True
Suppose -l + 22234 = 5*o, l - 18668 = -2*o + 3563. Is l composite?
False
Let f(r) = 2*r**3 - 135*r**2 + 105*r + 807. Is f(78) a composite number?
True
Suppose 28*o = 18*o + 45100. Let r = -1713 + o. Is r prime?
True
Let x be (-7)/(14/40)*(-1 + 0). Is x/40*(0 - -1438) composite?
False
Let r = 177 + -173. Suppose -17*p = -r*p - 17511. Is p a prime number?
False
Let h(m) be the third derivative of -m**6/120 - 11*m**5/20 - m**4/2 + 11*m**3/2 - 4*m**2 + 8*m. Is h(-35) composite?
False
Suppose 0 = 4*v + 24, -283473 = -44*j + 41*j - 4*v. Is j a composite number?
True
Let c(u) = 2334*u - 1205. Is c(22) a composite number?
True
Let z(w) = 592*w**2 + 14*w. Let y be z(4). Suppose 15*t = -9*t + y. Is t composite?
False
Let w(z) = 3711*z - 95. Let x(c) = -2*c - 2. Let l(r) = w(r) - 4*x(r). Is l(4) a prime number?
False
Let n(u) = u**3 + 6*u**2 + 5*u - 15. Let x be n(-4). Is -1*(x - 4) + 3550 composite?
False
Suppose 0 = 141*u + 162*u - 140469891. Is u a composite number?
True
Let v(i) = 308*i**3 - 18*i**2 + 74*i + 133. Is v(6) a composite number?
False
Suppose 4*i + 5267 = t - 66144, -4*i - 71421 = t. Let s = i - -31695. Is s a composite number?
False
Suppose -22 = 7*i + 20. Is i + 6 + -12 + 899 a composite number?
False
Suppose -3*g - 225 = -4*b, -g + 5*b - 375 = 4*g. Let n = -73 - g. Suppose -n*o + 1378 = -2*t + 208, o = -2*t + 591. Is o a prime number?
True
Let d be (-102)/(-1020) - 9119/(-10). Let r be 213*(12/9)/4. Suppose -r = -k + d. Is k a composite number?
False
Suppose -21631 = -27*p + 26*p. Suppose -p = -5*q + 2*s, 0*q = -2*q - s + 8656. Is q prime?
True
Let q(x) be the first derivative of -x**5/20 - 7*x**4/12 - 14*x**3/3 - 15. Let h(c) be the third derivative of q(c). Is h(-6) composite?
True
Let n = 234957 - 97996. Is n a composite number?
True
Let f be 2*(-3)/(6/(-5363)). Let o(r) = 231*r - 528. Let a be o(-14). Let u = a + f. Is u a prime number?
True
Let t = 339407 + 769460. Is t a composite number?
False
Suppose 0 = -4*r + 10*r - 42. Let p be (7/r)/((-4)/(-8)). Suppose 0 = p*d + 5*y - 334 - 89, -d - 4*y = -210. Is d a composite number?
True
Let j be 1 - (-2 + 3 + -1). Is (j/2)/((-3)/(-126006)) composite?
False
Let w = -209 - -212. Suppose -l + 752 = w*c + 2*c, -4*c = -12. Is l prime?
False
Is -8 + -6 + 3 - -3788 a prime number?
False
Let r(i) be the third derivative of -373*i**4/8 - 11*i**3/6 - 11*i**2 - 1. Is r(-8) prime?
True
Let c(x) = -1144291*x**3 - 11*x**2 + 9*x + 20. Is c(-1) prime?
True
Let m(q) = 10*q + 18*q + 23*q - 22*q**3 - 53*q - 41 + 10*q**2. Is m(-7) prime?
True
Let o(u) = u**3 - u**2 + u - 3. Let a be o(0). Let s be -4 - 33/(-6) - a/2. Suppose g + 2*z = -s*g + 1166, -3*z - 870 = -3*g. Is g prime?
False
Suppose 0 = -3*p - 3*b - 381, 3*p + 5*b - 6*b = -365. Let j = -2384 - -3906. Let r = j + p. Is r prime?
True
Let q(f) = f**3 + 7*f**2 + 8*f + 15. Let i be q(-6). Suppose -5*x + i*s = -17438, 5*x - 6*x = 2*s - 3485. Is x prime?
False
Let f(q) = -312*q - 9 + 316*q - 243*q**2 + 1674*q**2. Is f(2) a composite number?
True
Let c be (-114)/627 + 79/11 + -1. Is (3/c)/((-3)/(-41274)) prime?
False
Is (((-1)/2)/((-4)/(-393112)))/1*-1 a composite number?
False
Let f be -33*(-4)/30 - (-255)/425. Let w(x) = -4*x - 4 - 8*x**2 + 21*x**2 + 16*x**2. Is w(f) prime?
True
Suppose 3*b - 597040 = -13*b. Suppose -24*i + b = -87221. Is i composite?
False
Let w(b) = -6*b + 80. Let c be w(13). Suppose -3*t - c + 14 = -4*r, -5*r = -2*t + 15. Suppose 6*p - 5*p + 2 = t, -3*o + 1846 = -2*p. Is o a prime number?
False
Suppose -w = 5*k - 119889 - 45654, 4*w + 66182 = 2*k. Is k a prime number?
True
Let b = 44 + -42. Let u(l) = b*l + 8*l**2 + 16*l**3 - 14 + 17 - 7*l**2. Is u(2) composite?
False
Let z(n) = 19*n**3 + 143*n**2 - 3 - 143*n**2. Suppose 0 = -2*u - 4*s + 12, -2*u + 2*s = -0*u. Is z(u) composite?
False
Let c = 3379 - 1864. Suppose c = -4*v + 14599. Is v a composite number?
False
Suppose o - 93 = -95. Is (-1 - (-560 + -1)) + (-5 - o) a composite number?
False
Suppose -3011*g + 3039*g - 40554892 = 0. Is g composite?
True
Suppose u - 5 = -3*q - 1, -2*u = -4*q + 2. Is (u - (4 - 2))/(13/(-5161)) a composite number?
False
Is (-1591928)/(-156)*(-9)/((-9)/3) a composite number?
True
Suppose 90*k - 1080123 + 56913 = 0. Is k prime?
True
Let c be (-3 - (3 - 7))*-4. Is 5 - (c + 7) - -4425 composite?
True
Let r = 14930 + 4508. Is r a prime number?
False
Let s = 124138 + -67625. Is s composite?
True
Suppose -63*s + 22*s + 11081763 = 22*s. Is s a prime number?
False
Let t be (-8 + (-3605)/(-21))*1*-6. Let d = -347 - t. Is d a composite number?
True
Let n = 131068 + 166159. Is n a prime number?
False
Suppose -v - 61*f + 60*f + 21 = 0, 3*v = 5*f + 39. Is (3987/6)/(v/60) prime?
False
Let a = -651 + 685. Is a prime?
False
Let p(t) = 26*t**2 - 51. Let m be (2 + 15 + 0)/1. Is p(m) a prime number?
False
Let i(t) = 377060*t**2 - 130*t + 13. Is i(2) prime?
True
Suppose 3*t = 4*u + 206421, 4*t + 4*u - 202159 = 73041. Is t prime?
False
Let h = 24 - 45. Let t be (h/9)/((-2)/6). Let u(q) = 193*q - 36. Is u(t) a prime number?
False
Let x(i) be the third derivative of 721*i**5/30 - i**4/12 + i**3/6 + 30*i**2. Is x(-2) composite?
True
Let c = -417 - -439. Suppose -8516 = -c*w + 18*w. Is w prime?
True
Let o = -23 + -15. Let t = -47 - o. Let p(j) = -61*j + 8. Is p(t) a prime number?
True
Let b = -71 + 72. Let i be (-3 - -1)/((b/2)/(-1)). Suppose 2*a - 5*a + 3675 = 4*h, 0 = -2*h + i*a + 1854. Is h a prime number?
False
Let g = -90125 + 63119. Let z = g + 38547. Is z composite?
True
Let f(r) = 74*r - 6 + 20 + 95*r + 13*r. Let p be f(2). Let a = p + 499. Is a a composite number?
False
Let x be (-171)/3 + 2 - 2. Let z = 1720 + x. Is z composite?
False
Let u(w) = -w**2 + 3*w + 4. Let k be u(-5). Is ((-5322)/k - 2/6)*2 a composite number?
True
Let o = -90604 + 128282. Is o prime?
False
Suppose 2*b - 1440 = 3626. Suppose 5*g = 2*f + 2*f + b, 5*g + 3*f - 2519 = 0. Suppose a = -2*i + g + 480, 0 = 3*i + a - 1476. Is i a composite number?
False
Let y(r) = 3036*r**2 - 9*r - 8. Let u = -166 + 37. Let t = -130 - u. Is y(t) prime?
True
Let q = 686 - 681. Suppose 3*a - 1 = q, 2*b = -2*a + 21294. Is b composite?
True
Suppose -5*n = -b + 984, 514 - 4418 = -4*b + 4*n. Let m = -141 + 222. Suppose -5*w + m = -b. Is w a prime number?
True
Suppose -1395*o + 1388*o = -97041. Is o composite?
True
Suppose 275 = 3*g - 5*f - 3603, 0 = -5*g + 4*f + 6459. Suppose 0 = x + g - 4542. Is x a composite number?
False
Let v = -8627 + 16890. Is v a prime number?
True
Let u = 1014 - -236. Let d = 2019 - u. Is d prime?
True
Is ((-3680344)/(-32))/(-10 - 82/(-8)) a prime number?
False
Let a be (0 + (-303)/6)*-12. Let d be ((-8)/(-6))/(-2*3/(-9)). Suppose -a = -d*t + 356. Is t prime?
False
Let r(k) be the first derivative of 2*k**3/3 + 8*k**2 + 14*k - 10. Let j be r(-7). Suppose 5*v - 3*v - 5222 = j. Is v composite?
True
Let b(q) = 6596*q - 585. Is b(41) prime?
True
Let u(k) = -14*k**3 - 4*k**2 - 2*k - 1. Let x be u(-6). Suppose 0 = 3*t + t - 16. Suppose o + 2*y = 709, 2*y + x = t*o - y. Is o composite?
False
Let c(n) = 14*n**2 + 25*n - 151. Let y be c(22). Suppose 0 = 27*u - y - 1870. Is u a prime number?
False
Let c(d) = 15*d**2 - 13*d - 30. Let j = -10 - -5. Let y(i) = 16*i**2 - 12*i - 29. Let p(q) = j*y(q) + 6*c(q). Is p(16) a composite number?
False
Suppose 30*a = -6338 + 359288. Let c = a - 7054. Is c composite?
True
Let i be -4566 + 5/(20/16). Let f = i + 8113. Is f prime?
False
Suppose 0 = 5*s + 9345 - 60113 - 148517. Is s a composite number?
False
Is 6 + ((-68)/17 - (345076 + 1)*-1) prime?
False
Let p = 4457 + -1903. Is -2 + (p - -5) - (5 + -5) composite?
False
Let r(u) = -u**3 + u**2 - 160*u + 61667. Is r(0) a composite number?
False
Let w(x) = x**2 - 6*x + 9. Let r be w(5). Suppose 0 = 2*y + 5*q - 31 + 5, 52 = r*y - q. Is ((-7763)/(-13))/1 - 2/y a composite number?
True
Suppose 0 = 2*z - 3*c - 18057, c = -0*z + 5*z - 45149. Suppose 2*v - 404 - z = 0. Is v a